hest common divisor of b and s?
4
Suppose 58 = g + b, 4*g = -3*b + 225 + 12. Let n = 399 + g. What is the highest common divisor of n and 21?
21
Suppose -7*b - 64 = -99. Suppose 247 = 4*o - a, -a = b*o + a - 325. Calculate the highest common divisor of 27 and o.
9
Let r = 190 - 188. Let h be (-19780)/(-50) - r/(-5). What is the greatest common factor of 36 and h?
36
Let f be (-2)/4 + 33722/(-52). Let c be 3/4 - f/(-44). Let j be (7/c)/((-2)/24). Calculate the highest common factor of j and 3.
3
Suppose -n - 180 = -4*n. Let f(g) = 87*g + 542. Let a be f(-6). Suppose 0 = 10*v - a - 100. What is the highest common factor of v and n?
12
Let m = -79 - -82. Suppose 391 = -2*x - 2*i + 1147, 0 = -m*x - i + 1126. What is the greatest common divisor of 22 and x?
22
Let i(l) = -18*l - 8. Let p be i(-2). Suppose 5*a + 8 - p = 0. Suppose -a*k = -3*o + 32, 3*o = -0*o + 3*k + 27. What is the highest common divisor of 1 and o?
1
Let s = 5 - 28. Let n = s - -39. Let g = 14931 + -14915. Calculate the greatest common divisor of g and n.
16
Let d be 71 - -2*(3 - 4). Let m(f) = 5*f**2 - 108*f + 1023. Let g be m(24). What is the highest common factor of g and d?
69
Let o(h) = 131*h**2 - 416*h + 2065. Let b be o(5). What is the highest common divisor of b and 10?
10
Let y be 2 - 16/24*-84. Suppose -91*n + y*n = -1782. What is the highest common factor of 306 and n?
18
Suppose 1 = -2*t + 4*f + 11, -5 = -4*t + 3*f. Let n = 12 + t. Let g = 21317 - 21240. Calculate the greatest common divisor of n and g.
11
Suppose 1616 = 2*p - 3*m - 110, -4*m = p - 885. Calculate the greatest common factor of 33 and p.
11
Suppose 8*v - 19135 = -5*x + 23764, -2*x = -4*v - 17210. What is the greatest common divisor of x and 121?
121
Suppose 3*s - s = -394. Let q = s - -307. Suppose 1 = -u, 72*u - 25*u - 22*u - 23*u = 4*a - 178. Calculate the highest common divisor of a and q.
22
Let f(d) = -38*d - 1519. Let y be f(-54). What is the greatest common divisor of 3608 and y?
41
Let n = 3295 + -2693. Calculate the highest common divisor of n and 14.
14
Suppose -4*h + 13764 = 2*d + 4722, -4*h + 8988 = -4*d. What is the greatest common factor of h and 1833?
141
Suppose 599610 = 33724*m - 33678*m. Calculate the greatest common divisor of 660 and m.
165
Let p(i) = -2*i + 20. Let m be p(6). Suppose 0 = 3*k + u + 6, -k - u = -5*k - m. Let r be k/(-3)*(-66)/(-4). Calculate the greatest common divisor of r and 22.
11
Let n = 121 - 101. Suppose -2*p = -4*c - 60, p - c - 85 = -2*p. Suppose -37 = -4*h - l - 4*l, -4*h + 4*l = -p. Calculate the highest common factor of n and h.
4
Let a = 8141 - 4867. Calculate the highest common divisor of a and 2.
2
Let m be ((-291)/(-6))/((-6)/12). Let o = 165 + m. Suppose 212 = 8*r - o. What is the greatest common factor of r and 14?
7
Let a(y) = 404*y**2 + y. Let k be a(-1). Suppose 4*b = 3*j + 236, b - 695 = 2*j - 641. Calculate the greatest common factor of b and k.
31
Let x be (-426498)/(-558) + (-1)/(6/8). Let l = x + -730. What is the highest common divisor of l and 55?
11
Let r(c) = 2*c**2 - 5*c + 2*c**2 + 16 - 6*c - 29 + 2*c. Let o be r(5). Calculate the highest common factor of o and 6.
6
Let b = 9807 + -5452. What is the greatest common divisor of b and 26?
13
Let j = -77 + 140. Let a = 16496 + -16307. What is the highest common divisor of j and a?
63
Let q be ((-44)/14 - 0)/(18/(-63)). Let z = 37 + -35. Suppose -i + 98 = -0*w + w, -2*i + 200 = -z*w. Calculate the highest common divisor of i and q.
11
Let w = 178 + -124. Let u(h) = -31*h - 142. Let f be u(-3). Let o = f + 481. What is the highest common factor of o and w?
54
Suppose -2799*h - 3860 = -2836*h - 752. What is the highest common divisor of h and 2052?
12
Suppose 3*j - 10*t + 14*t = 991, -1660 = -5*j - 5*t. Let p(n) = n - 121. Let c be p(0). Let i = j + c. Calculate the greatest common divisor of 24 and i.
24
Let v = -626 + 403. Let h = v - -248. What is the highest common factor of 2 and h?
1
Suppose -c + 23 = -0*c. Suppose 97 = -2*u + 61. Let b = 51 - u. What is the highest common factor of b and c?
23
Suppose 4*s + 9*m - 6*m - 324 = 0, -374 = -5*s + 4*m. What is the greatest common divisor of s and 14118?
78
Let p be ((-25)/5 + 8)/(3/35). Let k = 22 + p. Let d be (-285 + 0)*(-7 - -6). Calculate the greatest common divisor of d and k.
57
Let p(o) = -20*o + 67. Let a be p(5). Let h be a/27*-3*39. What is the highest common factor of h and 11?
11
Let w(c) = 7*c**2 - 8*c + 4. Suppose 0 = k + 4*k - 20. Let y be w(k). Calculate the greatest common divisor of 210 and y.
42
Let d be 4 - (340/55 + (-16)/88). Let h be 30 - d - (-14 - -11). Calculate the greatest common factor of 10 and h.
5
Let c(t) = -t**3 - 7*t**2 - 5*t - 12. Let k be c(-6). Let y be -1 - (3/k - (-574)/(-12)). Let l = y - 2. Calculate the greatest common divisor of 9 and l.
9
Let g(b) = -10*b**3 + 83*b**2 - 18*b - 12. Let j be g(8). What is the greatest common divisor of 2682 and j?
18
Let g = -14696 + 24024. Calculate the greatest common divisor of g and 88.
88
Let y = 29 + -23. Let g(a) = 2*a**2 - 9*a - 14. Let o be g(y). Let f = -8 - -24. What is the greatest common factor of o and f?
4
Let u be (-72656)/(-2280) + (4/30 - 0). Calculate the highest common divisor of u and 16.
16
Let y be 9/21 - 52/(-91). Suppose 4*c - 5*a - 120 = y, 4*a + 149 = 5*c. Calculate the highest common divisor of 58 and c.
29
Let y be ((-124266)/(-1251) - ((-16)/6 + 2)) + -3. What is the greatest common divisor of 7 and y?
1
Let n be (-44 - -3)*(8 + -1 - 2). Let v = -193 - n. What is the highest common divisor of v and 4?
4
Let i(c) = 3*c**3 - 45*c**2 + 42*c + 50. Let m be i(14). Calculate the highest common factor of m and 13450.
50
Suppose c = -3*g + 4*c - 12, c = -5*g + 4. Let l be 12*((6 - g) + 22). What is the highest common divisor of 21 and l?
21
Suppose -3*i + 792 = -c + 180, 998 = 5*i + 2*c. Calculate the highest common divisor of i and 2929.
101
Suppose r = -k - 2*k + 30, k = 3*r - 140. Let t = -23 - -29. Suppose -t*u = -25 - 5. What is the greatest common factor of r and u?
5
Let a = 119 - 133. Let s be 7/56*28*(-24)/a. Let f(z) = z**3 - 6*z**2 + 9*z - 4. Let c be f(s). Calculate the highest common divisor of 5 and c.
5
Let p be (-1)/((-16)/156) - 21/28. Suppose 0 = -3*f + 3. Let q be 6/(-4)*(-3 + f). Calculate the highest common factor of q and p.
3
Let s be ((-143)/(-78))/(2/120). Calculate the greatest common factor of s and 9515.
55
Let y(m) be the first derivative of -2/3*m**3 + m + 9 - 7*m**2. Let i be y(-7). Calculate the highest common divisor of i and 5.
1
Let t be (-12)/((-18)/6) + (208 - -13). Calculate the highest common factor of 9 and t.
9
Suppose 4*t + 229 = 21*w - 16*w, 5*w = t + 226. Let d be 10 + (1 + -1)/(-1). Calculate the greatest common factor of d and w.
5
Let s be 3 + 22*(-36)/(-8). Suppose -292 = 7*c + 254. Let m = c + s. What is the greatest common factor of 264 and m?
24
Let i be -2 + (-156)/(-5 + 1). Let w = i + -37. Let h be 59 + -3 + w/(-1). Calculate the greatest common factor of 140 and h.
28
Suppose -4*a + 5*c + 8373 = 0, -4*c = 3*a - 4359 - 1944. What is the highest common factor of 1864 and a?
233
Let c = 9048 - 9034. Let t(q) = -2*q**3 - 10*q**2 - 10*q. Let u be t(-7). Calculate the greatest common factor of u and c.
14
Let p(m) = -75*m**3 + m + 1. Let z be p(-1). Let y = 200 - 220. Let r be 5/y + (-1)/(4/(-101)). Calculate the greatest common divisor of r and z.
25
Let b(s) = s**3 - 4*s**2 + 4. Let v be b(5). Let l = v + -33. Let q be 0 + (l - -25) + 4. What is the highest common factor of 50 and q?
25
Let z(k) = 11*k + 398. Let q be z(-28). Suppose 0*w = -2*w + 4*b + q, 3*w = b + 120. What is the greatest common factor of 13 and w?
13
Suppose 0 = 13*n - 23*n + 3540. Let r = -309 + n. What is the greatest common factor of 40 and r?
5
Suppose 8*l + 95 = 12*l - 5*y, -115 = -4*l + y. What is the greatest common factor of 4050 and l?
30
Let v be (-2 - 15/(-6))/(47/9870). Calculate the greatest common divisor of v and 15.
15
Suppose 0 = k - 2*i - 48, 11 - 77 = -2*k - 2*i. Suppose 6*u + 80 - 212 = 0. Let w = k - u. Calculate the highest common divisor of w and 40.
8
Let g be 227 - (-3 + 5 + 2 + -1). Suppose 291*c = 290*c + 7. What is the highest common factor of g and c?
7
Suppose -30*l + 27*l + 146 = 2*n, -l - n 